e -226*g + 2058 = -247*g. Let v = i + g. What are the prime factors of v?
2, 7
Let y(m) = -6*m**3 - 18*m**2 - 14*m - 79. What are the prime factors of y(-20)?
3, 79, 173
Suppose 11*p - 7*p + 76 = -j, 5*p + 5*j = -110. Let x be (-15)/(-6)*(-1 - p/10). List the prime factors of (28/35)/(-1)*(-235)/x.
2, 47
Let x(o) = 17*o + 179. Let l be x(-7). Suppose -2*t = -2, -l*t + 61*t - 1202 = -n. List the prime factors of n.
1201
What are the prime factors of (0 - -2)/(-3 + 19341/6444)?
2, 179
Let f(z) = -12*z + 29. Let q = 83 - 78. Let u be 2*-6 + (q - 3). List the prime factors of f(u).
149
Let b = 75096 - 33647. What are the prime factors of b?
181, 229
Suppose 0 = -3*g + 2*g + 80. Let v be 3*(g/(-12))/(-4). Suppose 3*k + v*x = 40, -2*x - 39 = -2*k + 9. What are the prime factors of k?
2, 5
Let r(u) = -3*u**2 + 10*u + 9. Let i(l) = -5 - 9*l - 9*l**2 + 27*l**2 - 16*l**2 - 3. Let q(f) = -7*i(f) - 6*r(f). List the prime factors of q(8).
2, 3, 47
Suppose -3*s + 6*s = 6. Suppose -s*y - 50 = -848. List the prime factors of y.
3, 7, 19
Let f = -62134 - -112068. What are the prime factors of f?
2, 24967
Let w(h) = 2*h**3 + 17*h**2 + 60*h - 1160. List the prime factors of w(19).
5, 3967
Let g = 83974 + 517. List the prime factors of g.
11, 7681
List the prime factors of 2850/(-5225) - 138023*(-2)/22.
12547
Let w(a) = 28*a**3 + 3*a**2 + 15*a - 1. Let s be w(5). Suppose 4*j = -z + s, -2*z - z = -3. List the prime factors of j.
2, 3, 19
Suppose -90 = -u - 5*x, 3*u - 259 = -7*x + 3*x. Suppose -3*t = 3*w - 93, 2*t - 155 = -3*t - 3*w. Let k = t + u. List the prime factors of k.
2, 29
Let u = 33 - -62. Let k = u + -1. Let d = 224 - k. What are the prime factors of d?
2, 5, 13
List the prime factors of (-180)/35*1047501/(-78).
2, 3, 1279
Let g be 6 + -5 + 1 + 369. Suppose -3*j = r - g, -3*r + 0*j - 2*j = -1106. What are the prime factors of r?
2, 23
Let z(r) = 33*r + 189. Suppose -12*u + 30 = -246. List the prime factors of z(u).
2, 3, 79
Let f(n) = -342*n**2 - 3*n. Let p be f(-1). List the prime factors of (1 - -1 - 3)*p.
3, 113
Let l = 23220 - 13046. What are the prime factors of l?
2, 5087
Suppose 2*h + 192 = 216. Suppose 16*t - 1380 = h*t. List the prime factors of t.
3, 5, 23
Let k be 48/(-528) + 1/11. Let g(v) = 7*v + 908. What are the prime factors of g(k)?
2, 227
Let f be ((-45)/(-10))/((-18)/312). Let c = 937 - f. List the prime factors of c.
5, 7, 29
Let i(n) = -n**3 + 2*n + 1. Let m be i(-1). Suppose -3*k + m*h + h + 1658 = 0, -3*h + 1650 = 3*k. What are the prime factors of k?
2, 3, 23
Let b(l) = 5*l**2 - 8*l + 7. Let u(p) = -p**2 + 4*p + 58. Let a be u(0). Let i = a + -63. What are the prime factors of b(i)?
2, 43
Let n(f) = 14*f - 39. Let h be n(3). Let x be (-2)/(-3) - 96/(-18). Suppose -3*o + 9 = -x, 26 = h*m + o. What are the prime factors of m?
7
Let c = -70 - -199. Let u = c - 76. What are the prime factors of u?
53
Let v(j) = 255*j + 5. Let c(r) = 85*r + 2. Let w be 33/12 - 2/(-8). Let s(b) = w*v(b) - 8*c(b). What are the prime factors of s(1)?
2, 3, 7
Let g = -3762 + 7683. What are the prime factors of g?
3, 1307
Let w = -17645 - -17647. Let z(f) be the second derivative of 23*f**5/20 - f**3/6 - f**2/2 - f. List the prime factors of z(w).
181
Let h be (8/(-5))/(112/20 + -6). Let m(k) = 3*k**3 + k**2 - 12*k + 29. What are the prime factors of m(h)?
3, 7
Let o(k) = 6*k + 110. Let u be o(-18). Suppose -u*g + 138 = -812. What are the prime factors of g?
5, 19
List the prime factors of (3165/10)/(1 + 356/(-368)).
2, 23, 211
Let m be (1 - 6/4)/(7/(-1414)). Let h = -96 + m. Suppose -h*d + 1542 = d. List the prime factors of d.
257
Let u be 13 + 743 - (2 + -4). Suppose -q - 6*l + 170 = -l, -2*l + u = 5*q. Let j = q + -78. List the prime factors of j.
2, 3
Let u = -31 - -49. Let d = u - -24. Suppose 5*r = 2*r + 2*k + 88, 2*r + 2*k - d = 0. List the prime factors of r.
2, 13
Let m(n) = 7*n + 94. Let f(b) = b. Let v = 12 + -11. Let w(p) = v*m(p) - 6*f(p). What are the prime factors of w(0)?
2, 47
Let n(q) = 32*q - 26*q - 19 + 18*q**2 - 17*q**2. What are the prime factors of n(-31)?
2, 3, 7
Let m be (-6 - -3) + (0 - 12). Let a = -671 + 674. What are the prime factors of ((-2)/(-4)*-74)/(a/m)?
5, 37
Suppose 7*z + 1 = 134. Let l = z + 492. What are the prime factors of l?
7, 73
Let q be 0/(1 - 3) + 182. Let o(t) = 4*t**2 + 54*t + 77. Let u be o(-14). Let p = q - u. What are the prime factors of p?
7, 11
Suppose 5*s - 11*s + 12 = 0. Suppose 0 = -4*u + q + 7 - s, -5 = 5*q. List the prime factors of 147*(68/112 - u/(-4)).
2, 3, 7
Let v(n) = -n**3 + 5*n**2 + 6*n - 3. Let r be v(5). Suppose -405 = -32*i + r*i. What are the prime factors of i?
3
Let y = -29 - -31. Suppose 5*s = -5*q - 892 + 3442, y*q - 992 = 5*s. What are the prime factors of q?
2, 11, 23
Let g = 102373 + -61952. List the prime factors of g.
83, 487
Let r be (1/((10/(-2))/(-25)))/1. Suppose 2*z = -r*u + 1205 + 2227, -1360 = -2*u - 4*z. What are the prime factors of u?
2, 43
Let p = 20 - 1. Let a(i) = 23*i + 146. Let g be a(-2). Let m = g - p. What are the prime factors of m?
3
Suppose 25*c + 2*c = -0*c + 84267. What are the prime factors of c?
3121
Suppose -6318*i + 6312*i + 81264 = 0. What are the prime factors of i?
2, 1693
Suppose -5*f = -3*k + 4050, 1394*k = 1389*k - 5*f + 6750. List the prime factors of k.
2, 3, 5
Suppose 14*a - 10 = 13*a - 2*y, 0 = -4*a + 5*y + 14. Suppose -7964 + 2186 = -a*m. What are the prime factors of m?
3, 107
Let p(j) = -12 - 8*j**2 + 17*j**3 + 18*j**3 + 10*j - 34*j**3. Let a(w) = 1. Let k(y) = 4*a(y) + p(y). List the prime factors of k(8).
2, 3
Suppose 15*k - 42990 + 14160 = 0. Suppose -3*y - 2*b + 1041 = -404, 4*y - k = 2*b. List the prime factors of y.
13, 37
Suppose -4 = 5*g - 74. Suppose 2*w = 2*k - 28, -2*w + 5*k - 11 = g. What are the prime factors of (w - -14)*3*-6?
2, 3
Let m = 4 + 4. Let r(l) = -4 + 0 - 2*l - m - 3*l. List the prime factors of r(-9).
3, 11
Let d(k) = 4*k**2 + 11*k + 116. Let j be d(-15). Suppose 4*f - j = 1585. What are the prime factors of f?
3, 7, 29
Suppose -531 = -3*w + s + 1504, 0 = 4*s - 8. Let u = -202 + w. Suppose u = -z + 4*z. List the prime factors of z.
3, 53
Let l(a) = 4*a + 47. Let i(s) = s + 12. Let c(n) = 9*i(n) - 2*l(n). Let o be c(-10). List the prime factors of 73 + 16/o - (2 + -4).
79
Let i(n) = -n - 4. Let z = -79 - -72. Let x be i(z). Suppose 0 = -x*g + 10*g - 588. List the prime factors of g.
2, 3, 7
Let h be 21/(-2)*16114/21 + -6. List the prime factors of h/(-9) - (-21)/189.
2, 7
Let u be (7 - 1)*(-38 + 9). Let z be (-13)/(13/(-3)) + -49. Let v = z - u. What are the prime factors of v?
2
Let x(s) = 29*s**2 + 35*s + 526. List the prime factors of x(-14).
2, 5, 11, 13
Suppose 66*p - 108*p = -62*p + 63460. List the prime factors of p.
19, 167
Suppose c - c = 2*c. Suppose -7*v + 11 + 3 = c. Suppose -v*w + 7*w = 205. List the prime factors of w.
41
Let s(t) = -54*t**3 - 4*t**2 + 17*t + 41. List the prime factors of s(-5).
2, 3, 367
What are the prime factors of (-4)/(-50) + (-69386262)/(-1725)?
2, 3, 419
Let b(d) = d**2 + 432. Let m be b(0). Let v = m + -278. Suppose -v = -r - 107. What are the prime factors of r?
47
Suppose 35*p = 32*p - 9. Let g be -4 - -2 - (p + 6). What are the prime factors of 15/(-10)*(-24)/(-20)*g?
3
Suppose 11*m + 9 = -178. Let p be (m + 18)*(0 + -1)*-5. Suppose -18 = -p*a + 12. List the prime factors of a.
2, 3
Suppose 0 = 5*i + 10, 2*b + 10518 = -2*i + 50650. List the prime factors of b.
2, 29, 173
Suppose -i = -4*u - 51, -i + u + u + 43 = 0. Let c = i - 33. Suppose -c*d - 1 = n, -4*d - 7 + 2 = n. List the prime factors of n.
3
Suppose -5*t - 3*z = 193, -4*t - z + 86 = -6*t. Let x = -162 + 42. Let v = t - x. List the prime factors of v.
79
Let k be 5 - (-218 + 15 - 0/(-2)). Let h = 444 - k. What are the prime factors of h?
2, 59
Suppose 0 = 3*i + 4*m - 36011, 4*i - 2*m - 50762 = -2784. List the prime factors of i.
3, 31, 43
Suppose -7*m + 172 = -z - 2*m, 793 = -4*z - m. Let l = 474 + z. List the prime factors of l.
277
Let p(r) = -705*r - 1887. What are the prime factors of p(-116)?
3, 11, 269
Let r be (140/35)/((8/74)/2). Suppose 8*x - 62 = r. Suppose x*l = 14*l + 90. What are the prime factors of l?
2, 3, 5
Let b be (34/(-10) - -2) + 6/15. Let v be (-232 + 0)/(-1)*(b - -2). Suppose -r - 3*q =